{"id":209,"date":"2022-04-13T00:46:14","date_gmt":"2022-04-12T22:46:14","guid":{"rendered":"http:\/\/artdanima.com\/?page_id=209"},"modified":"2025-11-17T12:26:44","modified_gmt":"2025-11-17T11:26:44","slug":"propostes","status":"publish","type":"page","link":"https:\/\/artdanima.com\/index.php\/inici\/propostes\/","title":{"rendered":"Sense t\u00edtol"},"content":{"rendered":"<div class=\"vce-row-container\"><div class=\"vce-row vce-element--has-background vce-row--col-gap-0 vce-row-equal-height vce-row-content--top\" data-vce-full-width=\"true\" id=\"el-083efb48\" data-vce-do-apply=\"all el-083efb48\"><div class=\"vce-content-background-container\"><div class=\"vce-asset-parallax-container vce-visible-all-only\" data-vce-assets-parallax=\".vce-asset-parallax\" data-vce-assets-parallax-reverse=\"false\"><div class=\"vce-asset-parallax\" style=\"top: -30vh; bottom: -30vh; transform: translateY(-27.6685vh);\"><\/div><\/div><\/div><div class=\"vce-row-content\" data-vce-element-content=\"true\"><div class=\"vce-col vce-col--md-25p vce-col--xs-1 vce-col--xs-last vce-col--xs-first vce-col--sm-last vce-col--sm-first vce-col--md-first vce-col--lg-first vce-col--xl-first\" id=\"el-e9e1d111\"><div class=\"vce-col-inner\" data-vce-do-apply=\"border margin background  el-e9e1d111\"><div class=\"vce-content-background-container\"><div class=\"vce-asset-parallax-container vce-visible-all-only\" data-vce-assets-parallax=\".vce-asset-parallax\" data-vce-assets-parallax-reverse=\"false\"><div class=\"vce-asset-parallax\" style=\"top: -30vh; bottom: -30vh; transform: translateY(-27.5964vh);\"><\/div><\/div><\/div><div class=\"vce-col-content\" data-vce-element-content=\"true\" data-vce-do-apply=\"padding el-e9e1d111\"><div class=\"vce-single-image-container vce-single-image--align-left\"><div class=\"vce vce-single-image-wrapper\" id=\"el-2c490289\" data-vce-do-apply=\"all el-2c490289\"><figure><a href=\"http:\/\/artdanima.com\/\" title=\"Inici\" class=\"vce-single-image-inner vce-single-image--absolute vce-single-image--border-round\" style=\"padding-bottom: 100%; width: 50px;\"><img loading=\"lazy\" decoding=\"async\" class=\"vce-single-image vcv-lozad\" data-src=\"https:\/\/artdanima.com\/wp-content\/uploads\/2025\/11\/Logo-Artdanima-1-50x50.jpg\" width=\"50\" height=\"50\" srcset=\"https:\/\/artdanima.com\/wp-content\/uploads\/2025\/11\/Logo-Artdanima-1-320x320.jpg 320w,https:\/\/artdanima.com\/wp-content\/uploads\/2025\/11\/Logo-Artdanima-1-480x480.jpg 480w,https:\/\/artdanima.com\/wp-content\/uploads\/2025\/11\/Logo-Artdanima-1-800x800.jpg 800w,https:\/\/artdanima.com\/wp-content\/uploads\/2025\/11\/Logo-Artdanima-1-50x50.jpg 50w,https:\/\/artdanima.com\/wp-content\/uploads\/2025\/11\/Logo-Artdanima-1-100x100.jpg 2x\" src=\"\" data-img-src=\"https:\/\/artdanima.com\/wp-content\/uploads\/2022\/04\/Logo-Artdanima-1.jpg\" alt=\"Logo Artd\u00e0nima\" title=\"Inici\" \/><noscript>\n        <img loading=\"lazy\" decoding=\"async\" class=\"vce-single-image\" src=\"https:\/\/artdanima.com\/wp-content\/uploads\/2022\/04\/Logo-Artdanima-1.jpg\" width=\"50\" height=\"50\" alt=\"Logo Artd\u00e0nima\" title=\"Inici\" \/>\n      <\/noscript><\/a><figcaption hidden=\"\"><\/figcaption><\/figure><\/div><\/div><div class=\"vce-single-image-container vce-single-image--align-right\"><div class=\"vce vce-single-image-wrapper\" id=\"el-bfdebf40\" data-vce-do-apply=\"all el-bfdebf40\"><figure><div class=\"vce-single-image-inner vce-single-image--absolute vce-single-image--border-round\" style=\"padding-bottom: 100%; width: 150px;\"><img loading=\"lazy\" decoding=\"async\" class=\"vce-single-image vcv-lozad\" data-src=\"https:\/\/artdanima.com\/wp-content\/uploads\/2025\/11\/1-Mandalasetembre2020-150x150.jpg\" width=\"150\" height=\"150\" srcset=\"https:\/\/artdanima.com\/wp-content\/uploads\/2025\/11\/1-Mandalasetembre2020-320x320.jpg 320w,https:\/\/artdanima.com\/wp-content\/uploads\/2025\/11\/1-Mandalasetembre2020-480x480.jpg 480w,https:\/\/artdanima.com\/wp-content\/uploads\/2025\/11\/1-Mandalasetembre2020-800x800.jpg 800w,https:\/\/artdanima.com\/wp-content\/uploads\/2025\/11\/1-Mandalasetembre2020-150x150.jpg 150w,https:\/\/artdanima.com\/wp-content\/uploads\/2025\/11\/1-Mandalasetembre2020-300x300.jpg 2x\" src=\"\" data-img-src=\"https:\/\/artdanima.com\/wp-content\/uploads\/2022\/03\/1-Mandalasetembre2020.jpg\" alt=\"Mandala Artd\u00e0nima\" title=\"Propostes per a totes\" \/><noscript>\n        <img loading=\"lazy\" decoding=\"async\" class=\"vce-single-image\" src=\"https:\/\/artdanima.com\/wp-content\/uploads\/2022\/03\/1-Mandalasetembre2020.jpg\" width=\"150\" height=\"150\" alt=\"Mandala Artd\u00e0nima\" title=\"Propostes per a totes\" \/>\n      <\/noscript><\/div><figcaption hidden=\"\"><\/figcaption><\/figure><\/div><\/div><\/div><\/div><\/div><div class=\"vce-col vce-col--md-75p vce-col--xs-1 vce-col--xs-last vce-col--xs-first vce-col--sm-last vce-col--sm-first vce-col--md-last vce-col--lg-last vce-col--xl-last\" id=\"el-1561ea94\"><div class=\"vce-col-inner\" data-vce-do-apply=\"border margin background  el-1561ea94\"><div class=\"vce-col-content\" data-vce-element-content=\"true\" data-vce-do-apply=\"padding el-1561ea94\"><div class=\"vce-text-block\"><div class=\"vce-text-block-wrapper vce\" id=\"el-c38f4661\" data-vce-do-apply=\"all el-c38f4661\"><p style=\"line-height: 1.25; text-align: right;\"><span style=\"font-size: 10pt;\"><span style=\"font-family: Montserrat; color: #ffffff;\"><span style=\"letter-spacing: inherit;\"><a style=\"color: #ffffff;\" href=\"http:\/\/artdanima.com\/\">INICI<\/a> | <span style=\"color: #ffffff;\"><a style=\"color: #ffffff;\" href=\"http:\/\/artdanima.com\/index.php\/inici\/artdanima\/\">Sobre Artd\u00e0nima<\/a><\/span><\/span><span style=\"letter-spacing: inherit;\"> | <span style=\"color: #ffffff;\"><a style=\"color: #ffffff;\" href=\"http:\/\/artdanima.com\/index.php\/inici\/imatges\/\">Imatges<\/a><\/span> | <\/span><\/span><span style=\"font-family: Montserrat; color: #ffffff;\">Propostes <span style=\"font-size: 10pt; color: #ffffff;\"><span style=\"font-family: Montserrat;\"><span style=\"letter-spacing: inherit;\">|&nbsp;<\/span><a style=\"color: #ffffff;\" href=\"https:\/\/artdanima.com\/index.php\/inici\/recursos-educatius\/\">Recursos<\/a> <a style=\"color: #ffffff;\" href=\"index.php\/inici\/recursos-educatius\/\"><span style=\"letter-spacing: inherit;\">|<\/span><\/a> &nbsp;<span style=\"letter-spacing: inherit;\"><a style=\"color: #ffffff;\" href=\"https:\/\/artdanima.com\/index.php\/inici\/tallers\/\">Tallers<\/a> |<\/span> <a style=\"color: #ffffff;\" href=\"https:\/\/artdanima.com\/index.php\/inici\/agenda\/\">Agenda<\/a> <span style=\"letter-spacing: inherit;\">|<\/span><\/span><\/span><span style=\"letter-spacing: inherit;\">&nbsp;<\/span><a style=\"color: #ffffff;\" href=\"http:\/\/artdanima.com\/index.php\/inici\/productes\/\">Productes<\/a><span style=\"letter-spacing: inherit;\"> | <\/span><a style=\"color: #ffffff;\" href=\"http:\/\/artdanima.com\/index.php\/inici\/recomanacions\/\"><span style=\"letter-spacing: inherit;\">Recomanacions<\/span><\/a><\/span><\/span><\/p><\/div><\/div><div class=\"vce-text-block\"><div class=\"vce-text-block-wrapper vce\" id=\"el-177b2066\" data-vce-do-apply=\"all el-177b2066\"><p style=\"line-height: 1.25;\"><strong><span style=\"font-family: Montserrat; font-size: 36pt; color: #ffffff;\">Artd\u00e0nima<\/span><\/strong>&nbsp;<\/p><h4 style=\"font-family: -apple-system, BlinkMacSystemFont, 'Segoe UI', Roboto, Oxygen-Sans, Ubuntu, Cantarell, 'Helvetica Neue', sans-serif; font-weight: var(--heading--font-weight-strong); font-size: var(--heading--font-size-h4); letter-spacing: normal; line-height: var(--heading--line-height-h4);\"><span style=\"font-size: 18pt;\"><span style=\"color: #ffffff; font-family: Montserrat;\">Propostes d'Autocura<\/span><\/span><\/h4><\/div><\/div><\/div><\/div><\/div><\/div><\/div><\/div><div class=\"vce-row-container\"><div class=\"vce-row vce-row--col-gap-0 vce-row-equal-height vce-row-content--middle vcv-state--show-resizer\" data-vce-full-width=\"true\" id=\"el-d490991d\" data-vce-do-apply=\"all el-d490991d\"><div class=\"vce-content-background-container\"><\/div><div class=\"vce-row-content\" data-vce-element-content=\"true\"><div class=\"vce-col vce-col--md-73p vce-col--xs-1 vce-col--xs-last vce-col--xs-first vce-col--sm-last vce-col--sm-first vce-col--md-first vce-col--lg-first vce-col--xl-first\" id=\"el-f56a2bdc\"><div class=\"vce-col-inner\" data-vce-do-apply=\"border margin background  el-f56a2bdc\"><div class=\"vce-content-background-container\"><\/div><div class=\"vce-col-content\" data-vce-element-content=\"true\" data-vce-do-apply=\"padding el-f56a2bdc\"><div class=\"vce-text-block\"><div class=\"vce-text-block-wrapper vce\" id=\"el-987e2bd6\" data-vce-do-apply=\"all el-987e2bd6\"><h2 style=\"text-align: left;\"><span style=\"font-weight: bold; font-style: normal; font-size: 24pt; color: #008080;\"><strong><span style=\"font-family: Montserrat;\">Per crear i\/o pintar MANDALES&nbsp; <span style=\"font-size: 14pt;\">&gt;&gt;&nbsp;<span style=\"color: #008080;\"> <a style=\"color: #008080;\" href=\"http:\/\/artdanima.com\/index.php\/inici\/imatges\/\">Veure imatges<\/a><\/span><\/span><\/span><\/strong><\/span><\/h2><p style=\"line-height: 1;\" align=\"justify\"><span style=\"font-family: Montserrat; color: #000000; font-size: 14pt; letter-spacing: inherit; font-weight: 400; font-style: normal;\"><span style=\"font-size: 18pt;\">&nbsp;<\/span><\/span><\/p><p style=\"line-height: 1;\" align=\"justify\"><span style=\"font-family: Montserrat; font-size: 14pt;\"><span style=\"font-family: Montserrat; font-weight: 400; font-style: normal; font-size: 14pt;\"><span style=\"font-size: 18pt;\">\u2665 <strong><span style=\"font-size: 14pt;\"><a href=\"https:\/\/youtube.com\/shorts\/0uQoEIgU3EI?feature=share\">CALENDARI DE MANDALES PER PINTAR, MEDITAR I CUIDAR-TE 2026:<\/a> <span style=\"font-family: Montserrat; color: #000000; font-size: 14pt; letter-spacing: inherit; font-weight: 400; font-style: normal;\"><span style=\"font-size: 12pt;\">Els calendaris ja s'estan imprimint! en breu estaran disponibles. Ja els pots reservar en aquest <a href=\"https:\/\/forms.gle\/bnFkzatDF5s4tBnw8\" target=\"_blank\" rel=\"noopener\">formulari<\/a>.&nbsp; \u00c9s el 5\u00e8 calendari que creo, pots veure els anteriors a <a href=\"https:\/\/www.youtube.com\/@elenasanfeliusabaterartdan2290\/shorts\" target=\"_blank\" rel=\"noopener\">youtube<\/a><\/span><\/span><\/span><\/strong><\/span><\/span><\/span><\/p><p style=\"line-height: 1;\" align=\"justify\">&nbsp;<\/p><p style=\"line-height: 1;\" align=\"justify\"><span style=\"font-family: Montserrat; color: #000000; font-size: 14pt; letter-spacing: inherit; font-weight: 400; font-style: normal;\"><span style=\"font-size: 18pt;\">\u2665<strong><span style=\"font-size: 14pt;\"> <a href=\"https:\/\/artdanima.files.wordpress.com\/2020\/03\/bon-confinament.pdf\" target=\"_blank\" rel=\"noopener\">MANDALES PER PINTAR<\/a>: <\/span><\/strong><\/span><span style=\"font-size: 12pt;\">Descarregar i imprimir un bloc de mandales elaborat durant el confinament.<\/span><\/span><\/p><p align=\"justify\">&nbsp;<\/p><p style=\"line-height: 1;\" align=\"justify\"><span style=\"font-family: Montserrat; font-weight: 400; font-style: normal; font-size: 14pt;\"><span style=\"font-size: 18pt;\">\u2665 <strong><span style=\"color: #000000; letter-spacing: inherit; font-size: 14pt;\"><a href=\"https:\/\/youtu.be\/TZw3t5uoN90\" target=\"_blank\" rel=\"noopener\">V\u00cdDEO MANDALES DE LA NATURA, CERCLES M\u00c0GICS<\/a>: <\/span><\/strong><\/span><span style=\"color: #000000; letter-spacing: inherit; font-size: 12pt;\">Visualitzar mandales de la natura per inspirar-te a crear i pintar mandales des del full en blanc. La m\u00fasica del v\u00eddeo l'ha composat el Mart\u00ed Duch i en la creaci\u00f3 del v\u00eddeo ha participat la Lydia Encinas.<\/span><\/span><\/p><p style=\"line-height: 1;\" align=\"justify\"><span style=\"font-family: Montserrat; font-weight: 400; font-style: normal; font-size: 14pt;\"><span style=\"font-size: 18pt;\"><span style=\"font-size: 14pt; letter-spacing: inherit;\"><span style=\"font-size: 18pt;\"><br>\u2665<\/span> <a href=\"https:\/\/youtu.be\/l1rMm4ApJLQ\" target=\"_blank\" rel=\"noopener\"><strong>V\u00cdDEO DE MANDALES DE L'\u00c0NIMA:<\/strong><\/a> <span style=\"font-size: 12pt;\">Recull d'alguns mandales el\u00b7laborats per artd\u00e0nima que tamb\u00e9 et poden inspirar a crear els teus.<\/span><\/span><\/span><\/span><\/p><p style=\"line-height: 1;\" align=\"justify\"><span style=\"font-family: Montserrat; font-weight: 400; font-style: normal; font-size: 14pt;\"><span style=\"font-size: 18pt;\"><span style=\"font-size: 14pt; letter-spacing: inherit;\"><span style=\"font-size: 18pt;\"><br>\u2665<\/span> <a href=\"mailto:artdanima@gmail.com\"><strong>TALLER DE MANDALES DE L'\u00c0NIMA:<\/strong> <\/a><span style=\"font-size: 12pt;\">Viure i compartir l'experi\u00e8ncia de crear mandales de l'\u00e0nima en grup. Aprendre a crear mandales per tornar a casa, al nostre cos, sentir-nos i connectar amb la nostra ess\u00e8ncia. <a href=\"mailto:artdanima@gmail.com\" target=\"_blank\" rel=\"noopener\">Sol\u00b7licitar + info<\/a><\/span><\/span><\/span><\/span><\/p><p style=\"line-height: 1;\" align=\"justify\"><span style=\"font-family: Montserrat; font-weight: 400; font-style: normal; font-size: 14pt;\"><span style=\"font-size: 18pt;\"><span style=\"font-size: 14pt; letter-spacing: inherit;\"><span style=\"font-size: 18pt;\"><br>\u2665<\/span> <a href=\"mailto:artdanima@gmail.com\"><strong>MANDALA EN PANXES D'EMBARASSADES: <\/strong><\/a><\/span><\/span><\/span><span style=\"font-size: 12pt; font-family: Montserrat;\">Regalar-te un moment de plaer, pres\u00e8ncia i connexi\u00f3 amb la vida i la criatura. Gaudir d'un viatge des de dins cap enfora per tornar al centre que el mandala dibuixa. <span style=\"font-family: Montserrat; font-weight: 400; font-style: normal;\"><span style=\"letter-spacing: inherit;\"><a href=\"mailto:artdanima@gmail.com\" target=\"_blank\" rel=\"noopener\">Sol\u00b7licitar + info<\/a><\/span><\/span><\/span><\/p><p style=\"line-height: 1;\" align=\"justify\"><span style=\"font-family: Montserrat; font-size: 14pt;\"><span style=\"font-family: Montserrat; font-weight: 400; font-style: normal; font-size: 14pt;\"><span style=\"font-size: 18pt;\"><br>\u2665 <\/span><\/span><a href=\"https:\/\/drive.google.com\/file\/d\/1aBwFVu1CAI1DQvBkrhRkD-0LMOsH_fMx\/view?usp=sharing\"><strong>RITUAL PER ACOMIADAR L'ANY I OBRIR-NOS AL PROPER:<\/strong><\/a>&nbsp; <span style=\"font-size: 12pt;\">Proposta realitzada pel cap d'any 2021-22 adaptable a qualsevol moment en que et proposis canvis, amb aquest mandala o el que tu mateix@ et cre\u00efs.&nbsp;<\/span><\/span><\/p><\/div><\/div><\/div><\/div><\/div><div class=\"vce-col vce-col--md-27p vce-col--xs-1 vce-col--xs-last vce-col--xs-first vce-col--sm-last vce-col--sm-first vce-col--md-last vce-col--lg-last vce-col--xl-last\" id=\"el-8fca1b31\"><div class=\"vce-col-inner\" data-vce-do-apply=\"border margin background  el-8fca1b31\"><div class=\"vce-col-content\" data-vce-element-content=\"true\" data-vce-do-apply=\"padding el-8fca1b31\"><div class=\"vce-single-image-container vce-single-image--align-left\"><div class=\"vce vce-single-image-wrapper\" id=\"el-085aa027\" data-vce-do-apply=\"all el-085aa027\"><figure><a href=\"https:\/\/www.youtube.com\/watch?v=0uQoEIgU3EI\" title=\"V\u00eddeo Calendari de Mandales per pintar, meditar i cuidar-te 2023\" target=\"_blank\" class=\"vce-single-image-inner vce-single-image--absolute\" style=\"padding-bottom: 141.047%; width: 726px;\"><img loading=\"lazy\" decoding=\"async\" class=\"vce-single-image vcv-lozad\" data-src=\"https:\/\/artdanima.com\/wp-content\/uploads\/2025\/11\/Portada-scaled-726x1024.jpg\" width=\"726\" height=\"1024\" srcset=\"https:\/\/artdanima.com\/wp-content\/uploads\/2025\/11\/Portada-scaled-320x451.jpg 320w,https:\/\/artdanima.com\/wp-content\/uploads\/2025\/11\/Portada-scaled-480x677.jpg 480w,https:\/\/artdanima.com\/wp-content\/uploads\/2025\/11\/Portada-scaled-800x1128.jpg 800w,https:\/\/artdanima.com\/wp-content\/uploads\/2025\/11\/Portada-scaled-726x1024.jpg 726w,https:\/\/artdanima.com\/wp-content\/uploads\/2025\/11\/Portada-scaled-1452x2048.jpg 2x\" src=\"\" data-img-src=\"https:\/\/artdanima.com\/wp-content\/uploads\/2025\/11\/Portada-scaled.jpg\" alt=\"\" title=\"Portada\" \/><noscript>\n        <img loading=\"lazy\" decoding=\"async\" class=\"vce-single-image\" src=\"https:\/\/artdanima.com\/wp-content\/uploads\/2025\/11\/Portada-scaled.jpg\" width=\"726\" height=\"1024\" alt=\"\" title=\"Portada\" \/>\n      <\/noscript><\/a><figcaption hidden=\"\"><\/figcaption><\/figure><\/div><\/div><div class=\"vce-single-image-container vce-single-image--align-left\"><div class=\"vce vce-single-image-wrapper\" id=\"el-13dcf75d\" data-vce-do-apply=\"all el-13dcf75d\"><figure><div class=\"vce-single-image-inner vce-single-image--absolute\" style=\"padding-bottom: 109.89%; width: 819px;\"><img loading=\"lazy\" decoding=\"async\" class=\"vce-single-image vcv-lozad\" data-src=\"https:\/\/artdanima.com\/wp-content\/uploads\/2025\/11\/artdanima-03-2-819x900.jpg\" width=\"819\" height=\"900\" srcset=\"https:\/\/artdanima.com\/wp-content\/uploads\/2025\/11\/artdanima-03-2-320x352.jpg 320w,https:\/\/artdanima.com\/wp-content\/uploads\/2025\/11\/artdanima-03-2-480x527.jpg 480w,https:\/\/artdanima.com\/wp-content\/uploads\/2025\/11\/artdanima-03-2-800x879.jpg 800w,https:\/\/artdanima.com\/wp-content\/uploads\/2025\/11\/artdanima-03-2-819x900.jpg 819w\" src=\"\" data-img-src=\"https:\/\/artdanima.com\/wp-content\/uploads\/2022\/06\/artdanima-03-2.jpg\" alt=\"\" title=\"artdanima-03-2\" \/><noscript>\n        <img loading=\"lazy\" decoding=\"async\" class=\"vce-single-image\" src=\"https:\/\/artdanima.com\/wp-content\/uploads\/2022\/06\/artdanima-03-2.jpg\" width=\"819\" height=\"900\" alt=\"\" title=\"artdanima-03-2\" \/>\n      <\/noscript><\/div><figcaption hidden=\"\"><\/figcaption><\/figure><\/div><\/div><\/div><\/div><\/div><\/div><\/div><\/div><div class=\"vce-row-container\"><div class=\"vce-row vce-row--col-gap-0 vce-row-equal-height vce-row-content--top\" data-vce-full-width=\"true\" id=\"el-796237a3\" data-vce-do-apply=\"all el-796237a3\"><div class=\"vce-content-background-container\"><\/div><div class=\"vce-row-content\" data-vce-element-content=\"true\"><div class=\"vce-col vce-col--md-100p vce-col--xs-1 vce-col--xs-last vce-col--xs-first vce-col--sm-last vce-col--sm-first vce-col--md-last vce-col--lg-last vce-col--xl-last vce-col--md-first vce-col--lg-first vce-col--xl-first\" id=\"el-844f9a6b\"><div class=\"vce-col-inner\" data-vce-do-apply=\"border margin background  el-844f9a6b\"><div class=\"vce-col-content\" data-vce-element-content=\"true\" data-vce-do-apply=\"padding el-844f9a6b\"><div class=\"vce-text-block\"><div class=\"vce-text-block-wrapper vce\" id=\"el-ceebb9a7\" data-vce-do-apply=\"all el-ceebb9a7\"><h2 style=\"text-align: left;\"><span style=\"font-weight: bold; font-style: normal; font-size: 24pt; color: #008080;\"><strong><span style=\"font-family: Montserrat;\">Per dibuixar i\/o pintar LLIUREMENT<\/span><\/strong><\/span><\/h2><p style=\"line-height: 1;\" align=\"justify\"><span style=\"font-family: Montserrat; letter-spacing: inherit; font-size: 14pt;\"><span style=\"font-family: Montserrat; color: #000000; font-size: 14pt; letter-spacing: inherit; font-weight: 400; font-style: normal;\"><span style=\"font-size: 18pt;\"><br>\u2665 <\/span><\/span><strong><a href=\"https:\/\/youtu.be\/xE5lXIVZzq0\" target=\"_blank\" rel=\"noopener\">RELAT AMB DIBUIXOS: <\/a><\/strong><\/span><span style=\"font-family: Montserrat; letter-spacing: inherit; font-size: 12pt;\">Amb el tema Cosmic Love de Kitaro et convidem a viatjar pel que se\u2019ns mou amb un v\u00eddeo realitzat jugant a crear un relat amb els dibuixos de diferents moments viscuts. Dibuixant-me, descobrint-me, descobrint-nos, compartint-me, convidant-nos a fer-nos autocr\u00edtica amorosa.&nbsp;<\/span><\/p><p>&nbsp;<\/p><\/div><\/div><\/div><\/div><\/div><\/div><\/div><\/div><div class=\"vce-row-container\"><div class=\"vce-row vce-row--col-gap-0 vce-row-equal-height vce-row-content--top\" data-vce-full-width=\"true\" id=\"el-0d74ec81\" data-vce-do-apply=\"all el-0d74ec81\"><div class=\"vce-content-background-container\"><\/div><div class=\"vce-row-content\" data-vce-element-content=\"true\"><div class=\"vce-col vce-col--md-100p vce-col--xs-1 vce-col--xs-last vce-col--xs-first vce-col--sm-last vce-col--sm-first vce-col--md-last vce-col--lg-last vce-col--xl-last vce-col--md-first vce-col--lg-first vce-col--xl-first\" id=\"el-389a1b5d\"><div class=\"vce-col-inner\" data-vce-do-apply=\"border margin background  el-389a1b5d\"><div class=\"vce-col-content\" data-vce-element-content=\"true\" data-vce-do-apply=\"padding el-389a1b5d\"><div class=\"vce-text-block\"><div class=\"vce-text-block-wrapper vce\" id=\"el-6e9fed24\" data-vce-do-apply=\"all el-6e9fed24\"><h2 style=\"text-align: left;\"><span style=\"font-weight: bold; font-style: normal; font-size: 24pt; color: #008080;\"><strong><span style=\"font-family: Montserrat;\">Per ballar o acompanyar creacions amb m\u00fasica<\/span><\/strong><\/span><\/h2><p style=\"line-height: 1;\" align=\"justify\"><span style=\"font-family: Montserrat; letter-spacing: inherit; font-size: 14pt;\"><span style=\"font-family: Montserrat; color: #000000; font-size: 14pt; letter-spacing: inherit; font-weight: 400; font-style: normal;\"><span style=\"font-size: 18pt;\"><br>\u2665 <\/span><\/span><a href=\"https:\/\/open.spotify.com\/user\/catalitza?si=a2de1c775be54869\" target=\"_blank\" rel=\"noopener\"><strong>LLISTES M\u00daSICA:<\/strong><\/a> <\/span><span style=\"font-family: Montserrat; letter-spacing: inherit; font-size: 12pt;\">Des del setembre del 2021 ens ballem a casa amb amigues peri\u00f2dicament. Pots accedir a les llistes que fem i altres llistes p\u00fabliques de l'spotify i ballar-te, ballar-vos o descobrir can\u00e7ons inspiradores.<\/span><\/p><\/div><\/div><div class=\"vce-single-image-container vce-single-image--align-center\"><div class=\"vce vce-single-image-wrapper\" id=\"el-a45c7cfd\" data-vce-do-apply=\"all el-a45c7cfd\"><figure><a href=\"https:\/\/open.spotify.com\/user\/catalitza?si=a427bc200f7b4004\" title=\"Perfil Artd\u00e0nima Spotify\" target=\"_blank\" class=\"vce-single-image-inner vce-single-image--absolute vce-single-image--border-rounded\" style=\"padding-bottom: 24.6667%; width: 300px;\"><img loading=\"lazy\" decoding=\"async\" class=\"vce-single-image vcv-lozad\" data-src=\"https:\/\/artdanima.com\/wp-content\/uploads\/2025\/11\/spotify-300x74.jpg\" width=\"300\" height=\"74\" srcset=\"https:\/\/artdanima.com\/wp-content\/uploads\/2025\/11\/spotify-320x79.jpg 320w,https:\/\/artdanima.com\/wp-content\/uploads\/2025\/11\/spotify-480x118.jpg 480w,https:\/\/artdanima.com\/wp-content\/uploads\/2025\/11\/spotify-800x197.jpg 800w,https:\/\/artdanima.com\/wp-content\/uploads\/2025\/11\/spotify-300x74.jpg 300w,https:\/\/artdanima.com\/wp-content\/uploads\/2025\/11\/spotify-600x148.jpg 2x\" src=\"\" data-img-src=\"https:\/\/artdanima.com\/wp-content\/uploads\/2022\/11\/spotify.jpg\" alt=\"\" title=\"spotify\" \/><noscript>\n        <img loading=\"lazy\" decoding=\"async\" class=\"vce-single-image\" src=\"https:\/\/artdanima.com\/wp-content\/uploads\/2022\/11\/spotify.jpg\" width=\"300\" height=\"74\" alt=\"\" title=\"spotify\" \/>\n      <\/noscript><\/a><figcaption hidden=\"\"><\/figcaption><\/figure><\/div><\/div><\/div><\/div><\/div><\/div><\/div><\/div><div class=\"vce-row-container\" data-vce-boxed-width=\"true\"><div class=\"vce-row vce-row--col-gap-30 vce-row-equal-height vce-row-content--top\" id=\"el-afeb3baf\" data-vce-do-apply=\"all el-afeb3baf\"><div class=\"vce-row-content\" data-vce-element-content=\"true\"><div class=\"vce-col vce-col--md-auto vce-col--xs-1 vce-col--xs-last vce-col--xs-first vce-col--sm-last vce-col--sm-first vce-col--md-last vce-col--lg-last vce-col--xl-last vce-col--md-first vce-col--lg-first vce-col--xl-first\" id=\"el-198f1074\"><div class=\"vce-col-inner\" data-vce-do-apply=\"border margin background  el-198f1074\"><div class=\"vce-col-content\" data-vce-element-content=\"true\" data-vce-do-apply=\"padding el-198f1074\"><\/div><\/div><\/div><\/div><\/div><\/div>\n","protected":false},"excerpt":{"rendered":"<p>INICI | Sobre Artd\u00e0nima | Imatges | Propostes |&nbsp;Recursos | &nbsp;Tallers | Agenda |&nbsp;Productes | RecomanacionsArtd\u00e0nima&nbsp;Propostes d&#8217;AutocuraPer crear i\/o pintar MANDALES&nbsp; &gt;&gt;&nbsp; Veure imatges&nbsp;\u2665 CALENDARI DE MANDALES PER PINTAR, MEDITAR I CUIDAR-TE 2026: Els calendaris ja s&#8217;estan imprimint! en breu estaran disponibles. Ja els pots reservar en aquest formulari.&nbsp; \u00c9s el 5\u00e8 calendari que creo,&hellip; <a class=\"more-link\" href=\"https:\/\/artdanima.com\/index.php\/inici\/propostes\/\">Continueu llegint <span class=\"screen-reader-text\">Sense t\u00edtol<\/span><\/a><\/p>\n","protected":false},"author":1,"featured_media":0,"parent":162,"menu_order":0,"comment_status":"closed","ping_status":"closed","template":"","meta":{"footnotes":""},"class_list":["post-209","page","type-page","status-publish","hentry","entry"],"acf":[],"_links":{"self":[{"href":"https:\/\/artdanima.com\/index.php\/wp-json\/wp\/v2\/pages\/209","targetHints":{"allow":["GET"]}}],"collection":[{"href":"https:\/\/artdanima.com\/index.php\/wp-json\/wp\/v2\/pages"}],"about":[{"href":"https:\/\/artdanima.com\/index.php\/wp-json\/wp\/v2\/types\/page"}],"author":[{"embeddable":true,"href":"https:\/\/artdanima.com\/index.php\/wp-json\/wp\/v2\/users\/1"}],"replies":[{"embeddable":true,"href":"https:\/\/artdanima.com\/index.php\/wp-json\/wp\/v2\/comments?post=209"}],"version-history":[{"count":72,"href":"https:\/\/artdanima.com\/index.php\/wp-json\/wp\/v2\/pages\/209\/revisions"}],"predecessor-version":[{"id":805,"href":"https:\/\/artdanima.com\/index.php\/wp-json\/wp\/v2\/pages\/209\/revisions\/805"}],"up":[{"embeddable":true,"href":"https:\/\/artdanima.com\/index.php\/wp-json\/wp\/v2\/pages\/162"}],"wp:attachment":[{"href":"https:\/\/artdanima.com\/index.php\/wp-json\/wp\/v2\/media?parent=209"}],"curies":[{"name":"wp","href":"https:\/\/api.w.org\/{rel}","templated":true}]}}